-10)/l*-4 + 61. What is the greatest common divisor of k and b?
22
Let g(h) = 3*h**3 - h + 322. Let b be g(0). Calculate the greatest common divisor of b and 56.
14
Suppose 0 = -z + 3*a + 19, -2*a - 23 = -2*z + a. Let w(j) = -3*j - 21. Let m be w(-7). Let f be 68 - m/(-1) - 0. What is the highest common factor of f and z?
4
Let i(a) = -13*a - 25. Let q be i(6). Let o = 133 + q. Calculate the greatest common factor of 12 and o.
6
Let a(v) = -v + 16 - 1 - 6*v**2 - 7 + v**3. Let j be a(6). What is the highest common divisor of j and 26?
2
Let f(p) = 58*p - 286. Let d be f(15). What is the highest common factor of d and 20?
4
Let u be 1596/(-152)*((-768)/(-9))/(-4). Suppose 0 = -2*t - 4*c + 68, -2*c + 19 = t - 5*c. What is the highest common factor of u and t?
28
Let x be 0 + 8/(-44) + 105/33. Let s be x - (-1 - (4 - 4)). What is the highest common factor of 10 and s?
2
Let r(f) = -14*f - 2*f + 7*f + 7*f. Let c be r(-6). Suppose -2*y = 4*p - 12, -5*p + 2*p + 16 = -2*y. Calculate the highest common factor of c and p.
4
Let w be (-39)/(-4) - (-2)/8. Let v = 3436 + -3386. Calculate the highest common divisor of w and v.
10
Suppose 0 = -203*f + 213*f + 30. Let u be (-115)/40 - f - 70650/(-48). What is the highest common divisor of 46 and u?
46
Suppose -14368 = -70*p - 1418. Suppose 0*q = 3*q - 1005. Let o = q - p. Calculate the highest common divisor of 30 and o.
30
Suppose -77*h = -3*h - 34632. What is the greatest common factor of h and 900?
36
Let m be (-3)/(5*(-11)/(-165)). Let l(h) be the second derivative of h**3/2 + 31*h**2/2 - h. Let y be l(m). What is the highest common factor of y and 20?
4
Suppose -9 + 29 = -2*k. Let o be 2/k + 302/10. Let u be ((-12937)/(-663) - (-6)/39) + (-11)/(-33). Calculate the greatest common divisor of o and u.
10
Let u be ((-1188)/(-264))/((-1)/(-48)). Calculate the highest common factor of u and 32.
8
Let k be 2 + 327 + (1 - 1). Let t = -76304 - -76445. What is the highest common divisor of k and t?
47
Let v be (4/(-1))/(2/(-33)). Let y = -1458 + 1448. Let k(g) = -97*g - 772. Let m be k(y). Calculate the highest common divisor of v and m.
66
Suppose -41*x - 54 = -35*x. Let r be ((-9)/(-6))/(x/24). Let g be (162/(-2) - -3)*r/6. What is the highest common factor of 13 and g?
13
Suppose 3*w - 35 = 5*m, -4*m + 301 - 355 = -5*w. Calculate the highest common divisor of 10410 and w.
10
Suppose -400*a = -404*a + 5*u + 41707, -4*u - 31280 = -3*a. What is the greatest common divisor of 264 and a?
132
Let u(v) = 2*v**2 + 10*v - 6. Let s be u(-8). Let h = -63 - -53. Let r = h - -38. What is the highest common divisor of s and r?
14
Let y(x) = -26*x**2 - 361*x - 12. Let g be y(-12). What is the greatest common factor of 408 and g?
24
Suppose 4*h = 2390 - 622. Calculate the highest common divisor of 272 and h.
34
Suppose 0 = -8*h - 404 + 2868. Let u = -287 + h. What is the greatest common factor of 336 and u?
21
Let m = 154 + 542. Let d = m + -660. Calculate the highest common divisor of d and 84.
12
Suppose 1124 = -15*i - 2446. Let q = i - -248. Calculate the greatest common divisor of 1100 and q.
10
Let w(g) = 220*g + 5164. Let x be w(-22). Calculate the greatest common factor of 432 and x.
108
Let p be 860/((-1)/(-36)*18). Calculate the highest common divisor of 50 and p.
10
Let c(y) = 3*y**2 - 34*y - 306. Let d be c(-6). What is the greatest common divisor of 3099 and d?
3
Suppose 4*q - 280 = 4*p + q, 350 = -5*p + 2*q. Let n = -130 - p. Let u be n/(-100) + 204/10. What is the highest common factor of u and 28?
7
Suppose 11*r + 1499 = 7*b + 9*r, 2*b - 436 = -2*r. Calculate the greatest common factor of b and 559.
43
Let y = 3451 - 3407. Calculate the greatest common divisor of 228 and y.
4
Suppose 19*w = 13*w + 48. Let j(v) = 2*v**3 - 12*v**2 + 21*v - 28. Let q be j(w). What is the highest common factor of 36 and q?
36
Suppose -l = 2*l - n - 11, 2*l - 9 = n. Let z be (((-24)/20)/3)/(1/(-55)). What is the highest common divisor of z and l?
2
Suppose 3*k - 78750 = -7*k - 5*k. What is the greatest common factor of k and 6?
6
Suppose -4 = -j, 5*z + 8*j = 13*j - 60. Let c be z/36 - (-1)/(36/1448). Calculate the greatest common divisor of 160 and c.
40
Let b = 200 - 130. Let n be 2/((-2)/8 + (-609)/(-1740)). Calculate the greatest common factor of b and n.
10
Suppose -5*m + 7*v = 3*v - 12488, -5*v - 12485 = -5*m. What is the greatest common divisor of 4 and m?
4
Suppose -4*j = -4, 0 = -2*n - 5*j + 25 - 10. Suppose -8*k + 4*q = -n*k - 6, 0 = 2*q - 6. What is the greatest common factor of k and 24?
6
Let k be ((-129)/86)/((-2655)/(-10692) - 1/4). Suppose -4*j - 409 = -5*s, 0 = -5*s + 3*j + 2*j + 410. Calculate the greatest common factor of k and s.
81
Let t = -54 + 59. Suppose 7*p + p = t*p. Let q(k) = k + 84. Let z be q(p). Calculate the greatest common factor of 12 and z.
12
Let b(a) be the third derivative of 3*a**4/8 - 53*a**3/6 - 32*a**2. Let d be b(12). Suppose -50*g - 30 = -d*g. Calculate the highest common factor of 42 and g.
6
Let t(u) be the second derivative of u**3/6 + u**2 + 2*u. Let i be t(10). Suppose -7*r + 175 = -161. Calculate the highest common divisor of r and i.
12
Suppose 5*c - 63900 = -78*c + 8*c. What is the highest common factor of 5325 and c?
213
Suppose -3*n = n - 80. Suppose 17*w = 25*w - 8. Suppose 2*x + f - 5*f - 444 = 0, -w = f. Calculate the greatest common factor of n and x.
20
Let w(d) = d + 48. Let o = -77 + 47. Let x be w(o). Calculate the highest common factor of 27 and x.
9
Let d(k) be the first derivative of -k**4/4 - 2*k**3 + 23*k**2/2 - 12*k + 20. Let f be d(-9). Calculate the greatest common factor of 2 and f.
2
Suppose 3*k - 3*k = -9*k + 189. Suppose 245 = -0*q + 5*q. What is the greatest common factor of k and q?
7
Let z be 3 - -12 - (0 - -3). Let a = -31 + 79. Calculate the greatest common factor of a and z.
12
Let n = -36 - -38. Let k be 76 - 1 - n - 3. What is the greatest common factor of 10 and k?
10
Let p(x) = x**2 + 34. Let i be p(0). What is the greatest common factor of 3298 and i?
34
Suppose -37*a + 4987 = 1435. What is the highest common factor of a and 132?
12
Let y be 1/(3/105) - 4. Let d(w) = 5*w + 13 - 72 + y. Let x be d(16). What is the greatest common divisor of 13 and x?
13
Suppose -5*r + 124 = 57*r. Let b be 2 - (-9)/1 - 2. Suppose r*a - 19 = b. Calculate the greatest common factor of 154 and a.
14
Let l = 29 + -21. Let z(r) = -2321 + 23*r + 2363 + r. Let s be z(l). Calculate the greatest common divisor of s and 26.
26
Let k = 5367 - 4861. Calculate the greatest common divisor of 374 and k.
22
Let h be (-136752)/(-315) + (141/(-45) - -3). Calculate the highest common factor of 826 and h.
14
Let o be 84/12*(-8 - 396/(-14)). Calculate the highest common factor of o and 74.
2
Let l be (18/(-60)*-4)/(15/250). Let i(o) be the first derivative of -o**2 - 4*o + 2. Let x be i(-6). What is the greatest common factor of x and l?
4
Let g be 12 + ((-76)/8 + 9)*0. Calculate the highest common divisor of g and 4314.
6
Suppose -258 - 62 = -2*u. Let z = -138 - -102. Let s be ((-4)/(-1))/((-9)/z). Calculate the greatest common divisor of s and u.
16
Let y(v) = 33*v + 2. Let u be y(-5). Let t be u/7 + (-92)/(-28) + -3. Let p be (t - -12)/((-2)/6). Calculate the highest common factor of p and 44.
11
Let n = -6997 + 9425. What is the greatest common divisor of n and 8?
4
Suppose -5*o = -5*x + 18895, x - 121*o + 117*o - 3800 = 0. What is the greatest common divisor of 1012 and x?
92
Suppose 2*o = -p + 1100, -3*o - 5*p + 1645 = -6*p. Calculate the highest common factor of 81 and o.
9
Let d be -31*(-1)/3*3. Suppose -d = -5*n - 4*r, -6*n + 4*r - 7 = -3*n. What is the greatest common factor of n and 87?
3
Let f be (16259/5)/(492/60 - (11 - 3)). What is the highest common divisor of 458 and f?
229
Suppose -6 = -2*f - 2*m, -12*m + 7*m - 25 = -5*f. What is the highest common divisor of 378 and f?
2
Suppose -66 = 33*v - 44*v. Suppose v*z - 3696 = -27*z. What is the greatest common factor of 14 and z?
14
Let j(o) = -6*o - 7*o - 4*o - 35 - 100. Let p be j(-9). What is the highest common factor of p and 27?
9
Let x = -24 + 33. Suppose 3*o = 126 + x. Suppose 3*b - 3*t = 45, 0 = 5*b + 2*t - t - o. Calculate the highest common divisor of b and 10.
10
Suppose -4*u + 12 = 0, 67*y + 4*u - 2685 = 64*y. W